be ((-7)/3)/(-5 + 194/39). Let u = o - 86. Let x(q) = -2 + q + 0 + 0. Determine x(u).
3
Let y = 1 - -3. Let i(w) be the third derivative of -w**8/10080 + w**7/840 + w**5/4 + 15*w**2. Let t(j) be the third derivative of i(j). Determine t(y).
-8
Let l(f) be the second derivative of -9*f**5/10 + f**4/6 - f**3/6 - 993*f. Calculate l(1).
-17
Let i(k) = k + 19. Let h be i(-8). Let n = 16 - h. Let x(q) = q + 0*q + 0*q**2 + q**2 + 6 - n*q. Determine x(4).
6
Let p(f) be the first derivative of -26 + 1/3*f**3 + 7*f + 4*f**2. Determine p(-7).
0
Let r(t) = 1 - t + 4 - 1. Suppose -q + 34 = -10. Let p be q/(-10) - 5/(50/(-4)). Give r(p).
8
Let o(x) = -2*x - 7. Let w(u) = 11*u**2 + 3*u + 2. Let h be w(-1). Suppose 0 = 4*i - 5*p - h, -5*p = -i - 0*i - 5. Determine o(i).
-17
Let b(z) = -z + 13. Let v = 25 - 12. Let n be b(v). Let a(y) = y**3 + 22. Determine a(n).
22
Let h(q) = -q - 2. Suppose 4*a + 18 = -10. Let z = a + 3. Let r be 6/z*(-8)/(-3). Determine h(r).
2
Suppose -5*f = -68*j + 72*j - 34, -4*j + 5*f + 54 = 0. Let h(p) = -2*p - 4. Give h(j).
-26
Let w(d) = d**3 - 3*d**2 - 3. Suppose 4*t + 0 - 14 = -y, 2*y = 5*t - 11. Let u be ((-2)/y)/(1/6). Let o = 9 + u. Calculate w(o).
-3
Let m = 59 + -87. Let c be 89/7 - 8/m. Let n = 12 - c. Let d(f) = -9*f**2 + f. Calculate d(n).
-10
Let m(g) be the third derivative of -g**7/840 - g**6/72 - g**5/40 - g**4/8 + 3*g**3/2 - 4*g**2. Let v(n) be the first derivative of m(n). Give v(-5).
12
Let k(z) = 3*z**2 - 63*z + 1 + 65*z + 0*z**2 - 7*z**2. Let q be 1/(-4) + 3/(-4). Calculate k(q).
-5
Let k(s) = -23*s - 26. Let u(y) = 7*y + 8. Let w(d) = -2*k(d) - 7*u(d). What is w(-6)?
14
Let j be (-1 - 20/(-12))*-3. Let p(u) = u**3 - u**2 + 3*u + 2. Determine p(j).
-16
Let y(z) be the first derivative of -z**2/2 - 7*z - 1. Suppose c = 12 - 10. Suppose 3*i - 5*b = 5, i + 0*b + c*b + 2 = 0. Give y(i).
-7
Let b = 8 + -6. Suppose -b*p + 4*p = 2*v - 10, 2 = 4*v + 2*p. Let q(s) = 3*s**2 + s**v + 5*s - 4*s**2 + s**2. What is q(-5)?
0
Let t(h) = h**3 - 5*h**2 + 2*h + 3. Let p(u) = -u**3 + 4*u**2 - u - 1. Let z be p(2). Suppose 0 = 2*k - 4*k + 18. Let m = k - z. Determine t(m).
-5
Let v(x) = -4*x + 11. Let z be 1 - -1 - (-1 + -5). Determine v(z).
-21
Let k(u) be the third derivative of u**4/12 + 41*u**3/6 - u**2 + 125*u. Determine k(-23).
-5
Let f(o) = 4*o**2 - 2*o + 11*o**3 + 7 + 20*o**3 - 30*o**3. Let i = -8 - -3. What is f(i)?
-8
Let f(k) = k**2 + 37*k - 159. Let r be f(-41). Let a(i) = -9*i + 5. Calculate a(r).
-40
Let r = -11 - -11. Suppose r = -f - 1 + 4. Let l(s) = 3 - f - s**2 - 2*s + 3*s. Calculate l(0).
0
Suppose -4*l - 23 - 9 = 0. Let z(w) = -3*w**3 + 8*w**2 - 3*w - 4. Let d(x) = -17*x**3 + 40*x**2 - 16*x - 20. Let r(t) = 2*d(t) - 11*z(t). Give r(l).
-4
Let o(g) = g - 3. Let c be o(3). Let u(w) be the third derivative of 0*w + 5/3*w**3 - 1/24*w**4 - 1/60*w**5 + 0 - 8*w**2. Calculate u(c).
10
Let m be (121/(-26 + 15))/(1/1). Let c(h) = -h - 16. What is c(m)?
-5
Let f(m) = -6*m - 5. Let d = 438 - 426. Calculate f(d).
-77
Let o(v) = 10*v**3 + 10*v**2 - 10*v + 6. Let s(i) = 7*i**3 + 7*i**2 - 7*i + 4. Let l(m) = -5*o(m) + 7*s(m). Give l(-3).
13
Let s be (-4)/14 - (7 - (-130)/(-14)). Let m(n) = -1 + 3*n**2 + 8*n + 8 + 2 - 2*n**s. Give m(-6).
-3
Let t(x) = -x + 4. Let c = -67 - -71. Suppose 3*b - 1 = -z, c*z = 3*b - 9 - 17. Determine t(z).
9
Let k = -14 - -16. Let n(b) = -b + 4*b - k*b + 6 - 3. Determine n(3).
6
Let i(p) = -p**3 - 4*p**2 + 5*p - 3. Let q(m) = -m**2 + 5*m + 19. Suppose 15 = 3*o - w - 7, 10 = 5*w. Let t be q(o). What is i(t)?
-3
Suppose -10*a + 2*a = -24. Suppose 3*m = 2*t - 13, a*m - 3*t + 1 + 17 = 0. Let z(x) be the third derivative of -x**4/24 + x**3/6 - x**2. Determine z(m).
2
Let k(f) = f**2 - 8*f + 7. Let o be k(7). Suppose -3*c + 0*c = o. Let m(u) be the second derivative of u**5/20 + 4*u**2 + 11*u + 1. Determine m(c).
8
Let d(n) be the third derivative of -n**5/60 - 7*n**4/24 - n**3 + 3*n**2. Let m be d(-6). Let y(c) = -2*c + 2 - c + c**3 + m*c + 8*c - 7*c**2. Determine y(6).
-4
Let w(s) be the second derivative of 1/3*s**3 + 3/2*s**2 + 25*s + 0. Calculate w(4).
11
Let w(v) be the second derivative of -v**3/6 - 9*v**2 - 350*v - 1. Give w(-7).
-11
Let j be 126/49 - 2 - (-17)/7. Let n(r) = r**2 + r + 3. Calculate n(j).
15
Let l(y) = y. Let i(k) = 5*k + 7. Let n(s) = -i(s) + 3*l(s). Let m(p) = -2*p - 8. Let x be m(6). Let q be -3 - ((-50)/(-18) - x/90). Determine n(q).
5
Let j(u) = u**3 + 16*u**2 + 15*u - 4. Suppose -3*r - 57 = -4*l, -r = -2*r - 5*l. Let q be j(r). Let t(k) = 2 - 4 + k + 1. Determine t(q).
-5
Let u(s) = -290*s + 283*s - 7*s**2 + 0 + 8 + 2 + s**3 + 0. Determine u(8).
18
Let x(w) = w**3 - 5*w**2 + 3*w + 3. Let r be 1*3 + 45/5 + -6. Let d = 10 - r. Calculate x(d).
-1
Let b(v) be the first derivative of 3*v**2/2 - v - 557. Determine b(-2).
-7
Let v(b) = -3*b + 5. Let p be ((-5)/4)/(1 + 10/(-8)). Let r be (p + 2)*45/63. What is v(r)?
-10
Let a(g) = 3*g**3 + 6*g**2 + 9*g - 7. Let i(y) = -2*y**3 - 3*y**2 - 4*y + 4. Let j(o) = -3*a(o) - 5*i(o). Calculate j(5).
16
Let p(w) = -w**3 - 10*w**2 - 7. Let o be p(-10). Let y be (o/(-2))/((-5)/(-20)). Let g be (-7)/y + (-1)/2. Let l(v) = 6*v - 1. Give l(g).
-7
Let l(o) = -o**2 + 4*o + 9. Let t be l(5). Suppose 7 = 3*m + t*m. Let x(n) = -2*n**2 + 0 - n**2 - m. Give x(1).
-4
Let c(w) = -w**3 - 8*w**2 - 10*w - 8. Suppose 0*k - 2*a - 20 = 2*k, 2*k = 3*a. Determine c(k).
-20
Let t be 3/(-15) + 1/((-15)/87). Let a(j) = -j**2 - 5*j - 8. Let m(q) = -q**2 - 5*q - 8. Let p(k) = 3*a(k) - 4*m(k). Give p(t).
14
Suppose 0 = 2*l + 6 + 6. Let o be (-28)/l - (-2)/(-3). Suppose 9 = -5*v - o*j, -4*v - j = -2*v + 6. Let y(b) = -b**2 - 4*b + 1. Calculate y(v).
-4
Suppose -14 = -q - 2*i - 3*i, 2*i - 16 = -3*q. Suppose u + 4*u = q*h + 14, -2*u = 5*h - 32. Let g(p) = 3*p - 3. Give g(u).
15
Let l = 143 + -155. Let v(u) = u + 4. What is v(l)?
-8
Let n be (-174)/12*(-8)/(-2). Let j = n + 56. Let k(c) = c**3 + 3*c**2 + 3*c + 3. What is k(j)?
1
Let i = 483 - 471. Let v(p) = -3*p + 4. Determine v(i).
-32
Let p = -21 - -26. Let a(j) = p + 1 + j - 2 - 3. Let s be a(4). Let c(o) = -o + 2. What is c(s)?
-3
Let n(u) be the second derivative of -u**3/3 - 5*u**2/2 + 6*u. Let k be n(-5). Let r(o) = o + o - o + 5. Determine r(k).
10
Let j be 3 + -1 + 0 - -3. Let m be 40/(-16)*(-4)/j. Let p(b) = -b**2 - 5 - 5*b - 3*b**3 + 0*b + m*b**3 - 3*b**2. Determine p(-4).
15
Let j(z) = -z**2 - 2*z + 5. Let v = 2521 - 2518. Give j(v).
-10
Let i be 3 + (0 - 1)*0. Let r(m) = -m - 1. Let b(v) = -2. Let p(g) = -3*b(g) + 4*r(g). Let z(s) = -2*s + 1. Let j(n) = i*p(n) - 5*z(n). Determine j(-2).
5
Let b(k) = k**2 + 4*k - 3. Suppose 0 = 5*p - 35*p + 90. Calculate b(p).
18
Let p(j) = -234*j + 121*j + 114*j. Let r(q) = 4*q**3 - 1 + q - 5*q**3 + q**2 + 2*q**2. Let s be r(3). Determine p(s).
2
Let a(d) = -d**3 - 7*d**2 - d + 12. Let k be (4/6)/((-60)/810) + 3. Calculate a(k).
-18
Let d(v) = -5*v**3 - 1. Let o(f) = -3*f + 8. Let i be o(4). Let q(l) = -4*l**3 - l. Let m(b) = i*q(b) + 3*d(b). Give m(2).
13
Let c(m) be the first derivative of m**4/4 + 2*m**3/3 - 3*m**2/2 + 3*m + 2. Let q = 13 - -5. Suppose -5*g - q = h, 5*h = 3*g - 6*g - 24. Determine c(h).
3
Let f(k) = 11*k**2 + k**3 + 2*k**3 + 303*k - 4*k**2 - 2*k**3 - 312*k - 11. Give f(-8).
-3
Suppose 5*y - 5 = 5*k, -2*y + y = -5*k - 1. Let p(i) = i**3 + 2*i**2 - i + 12. Calculate p(k).
12
Let m(v) = -6 + 0 + 7*v**3 + 4*v**2 - 8*v**3 + 2*v. Let f be m(4). Let j(p) be the third derivative of p**5/60 - p**4/24 - p**3/3 + 8*p**2. Determine j(f).
0
Let m(u) = -9*u + 229. Let k be m(26). Suppose -5*o + 19 = -61. Let r(a) = -3*a + 4. Let d(x) = 10*x - 12. Let h(w) = o*r(w) + 5*d(w). Give h(k).
-6
Let x be 4/(-18) - 158/18. Let q = 15 + x. Let h(z) = z**3 - 5*z**2 - 6*z + 4. Calculate h(q).
4
Let s be (-1)/4 - (-38)/(-8). Let p(r) = 6 - 6*r + 3*r**2 + 0*r**2 + 11*r - 2*r**2. Give p(s).
6
Let a(w) = w**2 - 11*w + 1. Let r(m) = m**3 + 13*m**2 - 18*m - 45. Let b be r(-14). Calculate a(b).
1
Let t(r) be the first derivative of -r**4/4 + 7*r**3/3 - 3*r**2 + 3*r - 2. Let v be -2 - (-1)/2*0. Let k(p) = 2*p**2 + p. Let d be k(v). What is t(d)?
3
Let r(x) = -3*x**2 + 4 - 3 + 4*x + 0*x**2 - 2. Determine r(3).
-16
Let r(j) = -11*j**2 - 3*j + 12. Let m(d) = -9*d**2 - 4*d + 12. Let w(i) = -6*m(